6))/(26/39). Let z(a) = a**2 - 5*a - 1. Determine z(t).
-1
Let v(p) = 2*p - 6 - 1 - 3*p + 1. What is v(-8)?
2
Let q(s) be the third derivative of s**4/8 - 7*s**3/6 - 4*s**2. Determine q(5).
8
Suppose -4*c + 95 = c. Suppose 0*t + 3*t - 3*z = 21, 2*t - c = 3*z. Let q(m) = -t*m - 4 + 4 + 5*m. Calculate q(1).
3
Let s(r) = 2*r**2 + 15*r - 2. Let f(h) = h**2 + 7*h - 1. Let v(b) = 9*f(b) - 4*s(b). Determine v(-4).
3
Let g(k) = 3 - 2*k + 0 + 0*k + 3*k. Give g(-4).
-1
Let q(u) = -u - 7. Let d(k) = -194*k + 2. Let a be d(-2). Let n be a/(-54) + (-2)/(-9). Give q(n).
0
Suppose -96 = f + 3*f. Let x be f/20 + (-2)/(-10). Let v(b) = -2*b**3 - b. Give v(x).
3
Let b(g) = 2*g - 8. Let k(m) = m - 4. Suppose -6 + 0 = -2*t. Let p(f) = t*b(f) - 5*k(f). Give p(6).
2
Let t(d) = 3*d + 9. Let p be 4/6 - (-5)/15. Let q(u) = 2. Let c(w) = 5. Let z(b) = -3*c(b) + 8*q(b). Let j(v) = p*t(v) - 2*z(v). Give j(-5).
-8
Let g(b) = -2 + 3 + 0. Let r(q) = q**2 - 5*q. Suppose 2*m = 5 + 3. Let o(z) = m*g(z) + r(z). Calculate o(4).
0
Suppose w - b = 5, 0 = -3*w - 5*b + 6 + 1. Let k(a) = w*a**2 + 0*a - 1 + 3*a + a**3 + a**2. Give k(-4).
3
Suppose 2*j - 1 = 3. Let t(o) = -o**j + 1 - 2 + 0*o**2. Suppose -2 = q - 0*q - a, -q - 3*a = -6. Calculate t(q).
-1
Let s(l) be the third derivative of l**4/24 + 17*l**3/6 + l**2. What is s(-7)?
10
Let i = -13 + 23. Let u = i - 7. Let v(j) = 2*j**2 + 5*j + 7. Let l(f) = 5*f**2 + 14*f + 20. Let x(n) = -3*l(n) + 8*v(n). Calculate x(u).
-1
Let y(l) = l**3 + l + 2. Let b be 4/(-18) + (-4)/(-18). Suppose -7*n + 2*n = b. Give y(n).
2
Let h be 122/(-6) - 9/(-27). Let m = h + 24. Let o(r) = r - 2. Give o(m).
2
Let w(z) = z + 1 - 3*z + 4. Let v(h) = h - 10. Let u be v(11). Let q = u + 3. Give w(q).
-3
Let a(b) = b**3 + 2*b**2 - 3*b + 4. Let q = -22 + 11. Let g(h) = -6*h**3 - 9*h**2 + 14*h - 20. Let u(d) = q*a(d) - 2*g(d). What is u(3)?
2
Let d(t) = -t**3 + 6*t**2 - 6*t + 4. Let w(f) = 3*f**2 + 3*f + 5. Let j be w(-1). Calculate d(j).
-1
Let g(o) = 3*o - 1. Let p(x) = -x**3 - 5*x**2 + 5*x - 1. Let u be p(-6). Suppose u*z = 2*z + 5*j + 4, 0 = 3*z - 3*j. Determine g(z).
-7
Let m(d) = -2*d**2 - 5*d - 3. Let z(t) = -t**2 - 2*t - 1. Let q(i) = -2*m(i) + 5*z(i). Let y = -6 + 8. What is q(y)?
-3
Let p be (5 + (3 - 6))*1. Suppose 9*x = 4*x + 2*u - 23, -5*u - 15 = p*x. Let m(r) = -r**2 - 5*r + 2. Calculate m(x).
2
Suppose n = v - 1, n + 5*v + 16 = -n. Let r(l) = 2*l**2 - l + 0*l + 5*l. Determine r(n).
6
Let j(c) = 26 + 17*c**3 - 16 + 7*c**2 - 16*c**3 - c + 2*c. Suppose 0*l + 2*l - i + 16 = 0, 2*l + 5*i + 4 = 0. Determine j(l).
3
Let m(h) = 2*h**2 - 7*h + 11. Let y(w) = 3*w**2 - 10*w + 17. Let s(k) = 8*m(k) - 5*y(k). Let l be 4/(-6)*(-1 + -2). Calculate s(l).
-5
Let x(f) = 2*f**3 + 15*f**2 + f - 14. Let d(n) = 3*n**3 + 22*n**2 + n - 21. Let c(v) = 5*d(v) - 7*x(v). Calculate c(-5).
3
Let n(l) = -5*l + 1. Let j be n(-1). Suppose 0 = -4*q + j + 6. Let d(b) = b**3 - b**2 - 4*b. Give d(q).
6
Let b be 30/2*2/(-6). Let n = b + -1. Let w(r) = -r - 7. Give w(n).
-1
Let l(b) = -2*b**2 + b. Suppose -3*r - 2*y + 0*y = 20, 5*r = 5*y - 75. Let c be (-12)/r - (-1)/(-5). Let p = 0 - c. Calculate l(p).
-3
Suppose 0 = -4*l + 14 + 2. Let g(y) = -2*y. What is g(l)?
-8
Let i(y) = 14*y**3 - 8 - 39*y + 12*y**3 - 25*y**3 + 5*y**2 + 32*y. Let a(s) = 2*s + 6. Let r be a(-6). Calculate i(r).
-2
Let d(g) = 3*g**2 + 2. Let v be 2/8 + (34/(-8) - -2). Calculate d(v).
14
Let a(s) be the first derivative of s**4/8 + s**3/3 - s**2/2 - 1. Let q(w) be the second derivative of a(w). Determine q(-2).
-4
Let c(u) = u**2 - 4*u + 3. Let i(z) = -6 - 5 + 5 + 4 + z**2 + 3*z. Let d be i(-4). Determine c(d).
-1
Let w(d) = -d**2 + 3*d - 1. Let i(c) = -c**2. Let o(h) = 2*i(h) - w(h). Let q = -10 - -7. Calculate o(q).
1
Suppose 10 + 5 = 3*b. Let n(w) = w**2 - 5*w + 3. Calculate n(b).
3
Let s(i) = i**3 - 7*i**2 + 5*i + 5. Let j be s(6). Let x(l) be the first derivative of 2 - 1/3*l**3 - 1/2*l**2 + 0*l. Give x(j).
0
Suppose 3 = 4*s - 5. Let f(n) = n + 5 - s*n - n. Give f(5).
-5
Let v(d) = 2*d**2 - 2*d - 2. Let q(r) = -r**2 - r + 2. Let j(a) = -3*q(a) - v(a). Let n(h) = -6*h**2 + 1. Let z be n(-1). Calculate j(z).
-4
Let j be (-2 + 0)/(84/(-210)). Let c(h) = -h**3 + 6*h**2 - 6*h - 3. Determine c(j).
-8
Let a(y) = 3*y**3 - y**2 + 5*y + 4. Let o(m) = -7*m**3 + m**2 - 9*m - 7. Let c(j) = 5*a(j) + 3*o(j). Calculate c(-1).
5
Let m(f) = 4*f**2 + 1. Let p(g) = g**2 + g + 1. Let a(v) = -m(v) + 3*p(v). Let k be (1 - -1 - 2)/(-1). Suppose 4*z + 3 - 15 = k. Determine a(z).
2
Let s(o) be the second derivative of o**3/6 + o**2/2 + 6*o. What is s(-9)?
-8
Let s(c) = c**3 + 6*c**2 + 8. Let d(n) = -n**2 + 15*n - 42. Let h be d(12). Calculate s(h).
8
Let g(y) = y**3 + 2*y**2 - 3*y**2 - 8*y**2 + 6 + 3*y**2. Give g(6).
6
Let o(k) = -3*k**3 + k - k**2 + 2*k**3 - 3*k. Let s = -4 - -8. Suppose 3*j + 8 = -3*c + s*j, 4*c + j + 6 = 0. Calculate o(c).
8
Suppose 2*s - 8 = 2*j, -s = 2*j - 7*j - 24. Let g(f) = 5*f - 1. Determine g(s).
-6
Let t = -20 + 16. Let j(g) be the third derivative of -g**6/120 - g**5/15 + g**4/12 + g**3/2 - g**2. Give j(t).
-5
Let l be -2 + (-8)/(-2) + -3. Let d = 1 + l. Let u(q) be the third derivative of q**6/120 - q**5/60 + 7*q**3/6 + 24*q**2 - 5. Give u(d).
7
Suppose 5*w = 4*w. Let f(m) = m**3 + 2 + 4 - 3*m**2 + m + 4*m**2. What is f(w)?
6
Let f(y) = -2*y + 3. Let t be (-8)/(-40) - 9/(-5). Give f(t).
-1
Let g(x) = -6641 - x + 6641 - x**2. Determine g(-2).
-2
Let o(m) = -3 + 15*m - 34*m + 18*m. Give o(0).
-3
Let s(j) = -j. Let b = 1 - 1. Suppose 3*u + b = 24. Let z(g) = -g**3 + 7*g**2 + 9*g - 7. Let v be z(u). Give s(v).
-1
Let v(q) = 2*q + 11. Suppose 5*w = 4*a - 60, 14*w + a + 35 = 9*w. Calculate v(w).
-5
Suppose 2*j = 4, 3*k + 0*j + 19 = 5*j. Let t(i) = -2*i**2 - i + 3. Give t(k).
-12
Let o(x) = -x**3 - 6*x**2 + 6*x - 2. Let j = 10 + -17. What is o(j)?
5
Let o(v) = 2*v - 7. Let n(y) = -y**2 - 7*y - 3. Let a be n(-6). Suppose -6*x + 18 = -a*x. Calculate o(x).
5
Let j = -9 - -14. Let y(m) = -j*m**2 + 7*m**2 - 3*m**2 - m + 1. What is y(0)?
1
Let m(i) = -i**2 - 2*i + 3. Suppose -2*d = -5*j - 18, 5*d + 30 = -5*j + 5. What is m(j)?
-5
Let v(m) = -2*m + 2. Let n(r) = 5*r - 6. Let u(x) = -3*n(x) - 8*v(x). Let f(p) = -p**3 + 2*p**2 + 4*p - 1. Let b be f(3). Suppose b + 1 = -3*w. Give u(w).
1
Let f = 6 + -9. Let l be (-2)/(-6) - (-4)/f. Let n(t) = -t**3 + t**2 + 0*t**2 - 1 - t - 2*t**3. Determine n(l).
4
Let u(t) be the second derivative of -1/2*t**3 + 0 + 3*t + 1/6*t**4 + t**2. Suppose 6 = 5*r - 2*r. Calculate u(r).
4
Let c = -1/14 - -4/7. Let y(m) be the first derivative of -2 - c*m**2 - 2*m. Give y(0).
-2
Let r(c) = 5*c**3 + 29*c**2 + 5. Let h(o) = -2*o**3 - 10*o**2 - 2. Let v(l) = 8*h(l) + 3*r(l). Give v(7).
-1
Let u(s) be the third derivative of 13*s**4/24 - s**3/6 + 9*s**2. What is u(-1)?
-14
Suppose 5*o = -2*j - 23, -4*o - 3*j - 2*j = 15. Let i(b) = 6*b**2 - 3*b**3 + 5 + 0*b**3 - b**3 + 5*b**3 + 5*b. What is i(o)?
5
Let y = -5 + 7. Let j(w) = -w**2 - 2*w + 3. Let z be j(y). Let f(o) be the second derivative of o**4/12 + 7*o**3/6 + o**2 - o. What is f(z)?
-8
Let v(w) = w**2 - 4*w - 1. Let k(z) = 3*z**2 - 12*z - 3. Let s(r) = -3*k(r) + 8*v(r). What is s(4)?
1
Let f be (-40)/(-22) - (-2)/11. Let x(z) = -10*z + 3. Let u(b) = -3*b + 1. Let g(s) = 7*u(s) - 2*x(s). Calculate g(f).
-1
Let g = 8 + -6. Let m(h) = h**g + 2*h - 7*h + 1 + 3. Suppose 0 = 3*a - 5 - 7. Give m(a).
0
Let z = 17 - 22. Let s(n) = -n - 2. Determine s(z).
3
Let k(v) = v**2 - 14*v + 17. Suppose r - 3*r - 40 = -3*l, 18 = 2*l + 3*r. What is k(l)?
-7
Let l(b) = -b + 6. Let h be l(7). Let m(r) = 32*r. Let v(d) = -8*d. Let j(o) = -2*m(o) - 9*v(o). Determine j(h).
-8
Let w(d) = 8*d + 4. Let i(o) = -8*o - 3. Let m(p) = 4*i(p) + 3*w(p). Determine m(-1).
8
Let o = 19/33 + 1/11. Let b(q) be the third derivative of o*q**3 + 0 - 2*q**2 + 1/6*q**4 + 0*q. What is b(-3)?
-8
Let o(t) = t + 2*t - 2*t + 2 + 3. Give o(0).
5
Let c(s) = -3*s - 6. Let i be (4/(-6))/((-2)/12). Let m(g) = g + 1. Let w(k) = i*m(k) + c(k). What is w(5)?
3
Let k = -150 + 147. Let a(j) be the third derivative of -j**6/120 - j**5/20 + j**3/2 - j**2. Give a(k).
3
Let k(f) = -f**2 - 7*f - 4. Suppose 5 - 16 = 3*y - 4*m, 2*m = -y - 7. Let s be y + 2*(-3)/6. Give k(s).
2
Let z(l) be the second derivative of